 -108*w = 65*w - 3430417. Is w composite?
True
Suppose 19*b = 18*b + 1. Is -6 + b + 11840/20 composite?
False
Suppose 3*w + 766767 = 13*u + 6*w, 176965 = 3*u - 4*w. Is u a prime number?
False
Is (-3)/((-10)/(-872305)*(-3)/2) a prime number?
False
Let a = 779 + -277. Suppose 2*j - 5*j = 2*f - a, 5*j + 2*f = 834. Suppose 0*x - j = -2*x. Is x a prime number?
True
Let g be 258/473 + 38/11. Is 7189 + (-1*(g - 2) - 0) a prime number?
True
Suppose -1128*j = -1100*j - 30845780. Is j composite?
True
Let r(g) = 25*g**2 - 33*g - 703. Is r(51) a prime number?
True
Is (-7)/((-11)/(18 - -1409599)) prime?
False
Let c = -538 - -544. Is ((-329307)/66)/((-3)/c) prime?
False
Let y = 54 - 50. Suppose -y*r + 2*c = -0*c - 2966, 0 = r - 2*c - 737. Is r a composite number?
False
Let l = 4487 + -796. Suppose 0 = -2*a + 3675 + l. Is a a prime number?
False
Let r = -480 + 605. Let p(g) = -g**2 - 4*g - 4. Let i be p(-3). Is ((-37775)/r)/((-12)/10 - i) a composite number?
False
Suppose 4*g = 7*g - 57. Let x(f) = -g*f**2 + 17 + 21*f**2 - 5*f - 7*f. Is x(-10) a composite number?
False
Let g(o) = 199*o + 95. Let a(q) = 3*q**2 + 109*q - 48. Let f be a(-37). Is g(f) prime?
False
Suppose 8*a - 10 = 6. Suppose 2*w = -2*w + a*b + 28, 4*w = -2*b + 36. Let l(c) = 55*c - 27. Is l(w) prime?
False
Is 171582/4*(5 - (-5)/((-30)/18)) prime?
False
Let p = -45 - -53. Suppose -p - 2 = -f - 4*k, -12 = -4*f - 2*k. Let m(x) = 50*x**2 - 2*x + 3. Is m(f) a composite number?
False
Suppose 3*l - 13 + 4 = -3*q, 0 = -q. Let u(m) = m**2 + 11*m + 2. Let f be u(l). Suppose 47*p = f*p + 1401. Is p a prime number?
True
Let r(n) be the third derivative of 1/60*n**5 + 0 + 4*n**2 + 0*n + 7/2*n**3 - 7/12*n**4. Is r(16) a composite number?
False
Is (0 + 2)/4 + (-28074939)/(-102) composite?
True
Suppose -5*o = 2*o + 7. Let b be o + -2 + (7 - -71). Let w = b - 42. Is w composite?
True
Let y(k) = 205*k - 203*k + 2*k**2 - 18 + 1. Is y(-9) composite?
False
Suppose 0 = 3*k + 7 - 13. Let m be 0 + 1 + k + 483. Suppose -m + 3349 = 7*t. Is t a composite number?
False
Let k(n) = -349*n**2 - 14*n + 28. Let j(u) = -u**2 - 4*u. Let m(f) = 6*j(f) - k(f). Is m(5) a prime number?
False
Suppose 3*t = -u - 18, t + 4*t - 5 = 0. Let w = 705 + u. Let k = -277 + w. Is k prime?
False
Let w(t) = 631*t - 112. Let u(v) = -15*v + 11. Let x be u(-1). Is w(x) a prime number?
False
Let y = 380 + -384. Is (4*1/10)/(y/(-52090)) a composite number?
False
Let n be (1/(-3))/(-2 + 35/18). Let l be (-1)/n - (-134)/12 - 3. Suppose 0 = 3*w - s + 178 - 563, -2*s - l = 0. Is w composite?
False
Let h(c) = 20*c**2 + 5*c - 4. Let m(p) = -p**2 + 6*p - 5. Suppose -3*b - 5*b + 32 = 0. Let q be m(b). Is h(q) prime?
True
Let c = 62 + -59. Suppose -5*b + 5*i + 0*i - 130 = 0, c*b + 5*i = -46. Is (-22815)/(-55) + (-4)/b prime?
False
Suppose -255279 = -c - 4*f, 24*c - 1276475 = 19*c - 4*f. Is c composite?
True
Let t(g) = 1827*g**2 - 2*g + 1. Let i be t(2). Suppose 2*d = -i + 3075. Is 12/(-18)*(d/6)/5 a composite number?
False
Is 15/75*55 + 2910 a prime number?
False
Let y be 100/(-10)*30/4. Let h be 68/2*(-1)/2. Let j = h - y. Is j a prime number?
False
Suppose -3*g + 48 = g. Let f be g/9*(0 - -3). Suppose -f*w = -5*w + 1011. Is w a composite number?
True
Let n be ((-320)/14)/(-5) - (-4)/(-7). Let b be n + -4 - (-52)/1. Is 4/26 + 11588/b composite?
False
Let a = -17178 + 90435. Is a composite?
True
Let i be 12/14 - (-2)/14. Let j be i*((-6)/2 + 7). Suppose -2*u + 9330 = 4*o, -j*o = -5*u - 6905 - 2432. Is o prime?
True
Let w(j) = 85*j**2 - 137*j + 703. Is w(44) a composite number?
True
Let z(w) = 5*w**3 - 5*w**2 - w + 16. Let p be z(-8). Is (1 + 0)*(7 - p) prime?
False
Let p = 27465 - 2126. Is p composite?
False
Let k be 194*4*(4 - (-45)/(-5)). Let j = 7167 + k. Is j a prime number?
False
Let y(a) = -2828*a - 9. Let t be y(-2). Suppose 0 = -2*n + t + 4329. Suppose 307 - n = -4*h + w, -h - 4*w + 1149 = 0. Is h prime?
False
Suppose 0 = -2*s - 2*f + 14, 0*f = 2*s - f - 23. Suppose -7*m - 8052 = -s*m. Suppose -7*h + m = -6843. Is h prime?
True
Let d = 54 + -47. Let y be 3/(-2) + (798/(-12))/d. Let j = y - -42. Is j a composite number?
False
Let a(d) = 3*d**2 + 5*d + 3. Let z be a(-4). Let v = 35 - z. Suppose -j + 568 = -5*w, 2*j - v*w = -w + 1115. Is j composite?
True
Suppose 4*j - 3*z + 77941 = 766110, 5*z - 860220 = -5*j. Is j prime?
False
Suppose -132 = b - 5*b - 5*h, -2*h + 144 = 4*b. Let a(p) = -2 - 21*p - b*p - 22*p - 17. Is a(-10) composite?
True
Let h be ((-9)/12)/(-2 - 411/(-204)). Let z be 14/(-7) - h*3. Let k = 136 + z. Is k a prime number?
False
Suppose 0 = -l - 5, -3*l - 357 = -3*r + 2544. Let t = -493 + r. Suppose 3*h = -2*x + t, 0*x + 3*x = 3*h - 489. Is h a prime number?
False
Is (2*(-1)/(-30) - 8/(-60))*2272255 a composite number?
False
Is (-130)/(11 + 2) + -3 - -617850 a prime number?
False
Suppose 2233981 = 22*z + 385739. Is z prime?
True
Is (2 - 3)/(9/1314987)*90/(-30) a composite number?
False
Is 3/(-15)*1 - (-11)/((-110)/(-412212)) composite?
False
Let o = -133 - -149. Suppose -o*f + 19945 + 41863 = 0. Is f composite?
False
Let p = -1390531 + 2580204. Is p prime?
True
Let y(r) = 11*r - 9. Let j be y(1). Suppose 4*m = -4, 4*g + j*m = 12927 + 14531. Is g composite?
True
Let z(i) = 5*i**3 - 5*i**2 + 10*i + 45. Suppose -y - 2*y + 15 = 0, 0 = 5*j - 3*y - 35. Is z(j) a composite number?
True
Suppose 13*f - 31*f - 357328 + 9628066 = 0. Is f a prime number?
True
Let h = -52 + 54. Let t be 2 - 1/(h + -1)*2. Is -3*(t + (-481)/3) composite?
True
Let l(n) = -2172*n + 1015. Is l(-8) a composite number?
True
Suppose 0*o + 3*o + 93 = -3*h, -3*h - 67 = 2*o. Let p(k) = -3*k - 65. Let x be p(o). Suppose 0 = x*q - 32993 + 2664. Is q prime?
True
Suppose 14318350 = -13302*o + 13352*o. Is o a prime number?
True
Suppose 12*n = 78*n + 4236038 - 14187584. Is n a prime number?
False
Is (-1055244)/(-120) - 24/(-80) composite?
True
Let b(i) = -5*i**3 + 3*i**2 - 4*i - 1. Let m(c) = c**2 - c. Let a(o) = b(o) - 5*m(o). Let d be a(-2). Let y = 96 - d. Is y a composite number?
False
Suppose 29813 = 2*q - 5*i, -2*q + 29848 = 2*i - 0*i. Is 12/(-18) - (q/9)/(-1) composite?
False
Let v be 21/(-168) + (-1)/(-8). Suppose -6*p + 10*p + 4*w = 35920, v = 5*p - w - 44918. Is p a composite number?
True
Let c(g) = 57*g + 13. Suppose 19 = -2*d - 11. Let x be d/(-2) - 60/40. Is c(x) composite?
True
Let t = 27509 + -15908. Let b = -4962 + t. Is b prime?
False
Suppose -12*p = -20*p + 232. Suppose -79814 = p*m - 31*m. Is m composite?
True
Let y(k) = 9933*k + 586. Is y(5) composite?
True
Let t = -14678 + 25209. Is t a composite number?
False
Suppose -3*o - 3*j + 1818378 = 0, 3*o = 5*j + 227251 + 1591183. Is o composite?
True
Suppose 3*o = 0, 3*o = -6*i + 11*i - 130955. Is i a prime number?
False
Let f(b) = b**2 + 11*b + 24. Let p be f(-9). Suppose -18 + p = -4*s. Suppose -s*z = z - 9332. Is z a prime number?
True
Let j(p) = -p**2 - 6*p + 1. Let b be j(-4). Let n be 14 + (-3)/b*3 + 1. Suppose -n*q + 9*q + 6385 = 0. Is q prime?
True
Let s(j) = 233876*j**3 + 6*j**2 - 10*j + 3. Is s(2) composite?
True
Let u be 524*((-21)/(-12) - 0) + 0. Let h = 1426 - u. Is h composite?
False
Let m(y) = -y**3 + 6*y**2 + 7*y + 5. Let o be m(7). Suppose -o*x = -0*x - 3*h - 811, 0 = 5*h + 10. Is x a composite number?
True
Suppose -3*l + 0*l - 3 = 0, 4*s - 3*l - 11 = 0. Let q(r) = 1158*r + 17. Is q(s) a composite number?
False
Suppose 8*l = -280 + 16. Let h = l + 25. Is (-2)/(-4) - 28372/h composite?
False
Suppose 4*s - 25 = 7. Is -958*s/(-32)*22 a prime number?
False
Let n(q) = 56*q**2 + 4*q + 5. Let p(f) = 7*f**2 - 2*f - 5. Let l(c) = 4*c**2 - c - 3. Let u(s) = 5*l(s) - 3*p(s). Let y(t) = n(t) - 6*u(t). Is y(3) composite?
False
Suppose -4711 - 2329 = 22*u. Let f = u - -811. Is f a composite number?
False
Let u = 34 + -136. Let s = 7 - u. Is s a composite number?
False
Suppose -n - n + v + 99 = 0, 52 = n - 3*v. Let d = -49 + n. Suppose -86*i + 81*i + 14995 = d. Is i prime?
True
Is 128/1408 - (-4922598)/11 a composite number?
False
Is (-1 + -1621)*-7 + 10 + 65/(-13) a prime number?
False
Is (5*(-5 - 2103005/(-50)))/((-3)/(-6)) composite?
False
Let b(i) = 4*i. Let m(n) = 73*n + 15. Let g(w) = 3*b(w) - m(w). Is g(-14) prime?
True
Suppose 9130010 = 123*f - 4489657. Is f composite?
False
Let r(p) = -14*p + 2*p**2 + 283